est common factor of 56 and k?
8
Let v be (-2)/8*20 + 15. Let l = 104 - 54. What is the highest common factor of v and l?
10
Suppose w + 4*k = 7, 4*k = -k + 20. Let p(c) = 12*c**2 + 11*c + 3. Let d be p(w). Let b = d - 612. What is the greatest common divisor of 24 and b?
24
Let y be (-2)/((-1)/152*-4). Let n be (10/(-4) - 5/(-10))*y. What is the highest common divisor of n and 19?
19
Suppose 0 = -2*u - 5*b + 68, 140*u = 136*u - b + 172. Calculate the greatest common divisor of 418 and u.
22
Let t = 378 - 231. What is the greatest common divisor of t and 84?
21
Suppose 0 = -6*m + 5082 + 846. Calculate the greatest common factor of m and 52.
52
Let t(m) be the first derivative of -m**4/4 + 10*m**3/3 + 6*m**2 + 23*m - 13. Let x be t(11). What is the greatest common divisor of x and 136?
34
Let r be (-1 - (15 + -6))*2/(-4). Calculate the greatest common factor of r and 115.
5
Suppose 2*a + 3*p = 4, -2*a - 14 + 38 = -2*p. Suppose -5*q = -4*j - 216, -4*q + 82 = 5*j - 58. Calculate the highest common factor of a and q.
8
Let t be (-54)/(-81) - (-289)/3 - 6. What is the greatest common divisor of t and 351?
13
Let s = 232 + -113. Suppose 3*z - h + 0*h - s = 0, 4*h = 4. Calculate the highest common factor of z and 10.
10
Suppose 5*a + 152 = 482. Let c be 40/(-3)*a/(-55). Calculate the greatest common factor of 16 and c.
16
Let k = -9 + 11. Suppose -8 - 4 = -k*n. What is the greatest common factor of 48 and n?
6
Let n = 606 - 296. What is the greatest common divisor of n and 10?
10
Suppose -2*j = -4*j - 4*z + 382, 0 = j + z - 189. Let m = 12 - 8. Let y be 34/m*8/4. What is the greatest common factor of j and y?
17
Let b = -57 - -81. Suppose 4*i = -4*i + 384. Calculate the greatest common factor of b and i.
24
Suppose g - 5*k + 18 - 81 = 0, 4*g - 160 = -3*k. Calculate the highest common factor of 559 and g.
43
Let x = 55 - 53. Let u be (9/6)/(6/(-8)). Let c be u + (-10)/(-3 - -2). What is the highest common factor of c and x?
2
Let q = 96 - 57. What is the greatest common divisor of q and 6?
3
Let b(f) = f**3 + 3*f**2 - 4*f - 2. Let c be b(2). Suppose c*q + 36 - 146 = 0. What is the greatest common factor of q and 33?
11
Suppose -4*c + 5*w = -113, 2*w - w + 1 = 0. Suppose -10 = 6*d - 40. Suppose 41 = 2*r + d. Calculate the highest common divisor of c and r.
9
Suppose -78 + 2 = -2*a. Suppose 0 = 164*b - 160*b - 152. What is the greatest common factor of a and b?
38
Suppose 0 = 2*d + 8, -h = -3*h + 2*d + 60. Suppose -21*t - 140 = -h*t. Calculate the greatest common divisor of 70 and t.
14
Let f = 698 - 684. What is the highest common divisor of 77 and f?
7
Let z(k) = 2*k**3 + 20*k**2 - 71*k - 24. Let d be z(-12). Calculate the greatest common divisor of d and 588.
84
Let f(x) = -3*x - 7. Let u be f(-3). Suppose -u*s + 3 = -s. Suppose 0 = -3*h - 0*h - 2*d + 19, 4*h = d + 40. Calculate the greatest common divisor of s and h.
3
Suppose 0 = -9*x + 468 + 396. Calculate the highest common factor of 30 and x.
6
Suppose -9 + 3 = 6*k. Let v be (2 - (-14 - -4)) + k. What is the highest common factor of 11 and v?
11
Let j = 71 - 80. Let f be (429/j)/((-1)/6). What is the greatest common divisor of 26 and f?
26
Let b(y) = -9*y**2 + 12 + 6*y**2 + 4*y**2 - 9*y + 3*y. Let s be b(7). Calculate the highest common divisor of s and 57.
19
Let q = -4 - 0. Let m = -2 - q. Suppose 5*c - 320 = -6*d + m*d, -d = -2*c - 80. What is the greatest common divisor of d and 8?
8
Let p = 684 + -592. What is the greatest common divisor of 207 and p?
23
Let a(m) = m**3 + 9*m**2 - 5*m + 14. Let v be a(-10). Let w = v - -49. Calculate the highest common factor of w and 52.
13
Let a(k) = -k**2 + 7*k - 5. Let u be a(6). Let o(d) = 3*d**2 + 6*d**2 + u - 3 - 6*d**2. Let z be o(3). What is the greatest common divisor of 100 and z?
25
Let d be ((-820)/(-15))/((-2)/3). Let c = 112 + d. What is the greatest common divisor of c and 30?
30
Let q(g) = g**2 + g - 12. Let n be q(-6). Suppose v + n = 24. What is the greatest common divisor of 54 and v?
6
Let z(v) = v - 6. Let b be z(8). Suppose -4*j = 3*u - 6, 2 + 2 = 3*j + 2*u. Suppose j = 5*m - 4 - 1. What is the greatest common divisor of b and m?
1
Let u be (-148)/(-15) + ((-192)/(-180))/8. Calculate the highest common factor of 195 and u.
5
Let z(h) = -h**3 + 5*h**2 + 2*h - 21. Let d be z(4). Suppose 3*l - k - 24 = -2*k, -15 = -d*l + 2*k. Calculate the greatest common factor of 14 and l.
7
Let w(y) = 103*y - 508. Let u be w(5). Calculate the highest common factor of u and 112.
7
Suppose 6*u + 6*u = 144. Suppose -12*q + 13*q = u. Calculate the greatest common divisor of 156 and q.
12
Let y(s) = -29*s - 6. Let i be y(-3). Let l = -58 - -31. Let q = 0 - l. Calculate the highest common factor of q and i.
27
Let a(u) = -1 - 8 + 1 - 8 + 3*u. Let h be a(10). What is the greatest common factor of 56 and h?
14
Suppose -3*r + 19 = -155. Calculate the highest common divisor of r and 261.
29
Let w(r) = -r**2 + 12*r + 14. Let d be w(11). Suppose -7*l + 6*l = 0. Let n = d + l. Calculate the greatest common divisor of 5 and n.
5
Suppose -5*p + 7*p + 3*q = -7, 14 = p - 2*q. Suppose -p*g + 1549 = -3*y, -5*g - 206 = 4*y - 2119. What is the highest common factor of g and 35?
35
Let t be (6 + 0)*(-4 - (-111)/18). What is the highest common divisor of 13 and t?
13
Let o(r) = 8*r**2 - 28*r - 12. Let f be o(5). What is the highest common divisor of 16 and f?
16
Suppose -4*v - 1000 = -64. Let k be 0 - 1 - (v - (-15)/5). Let h = -10 - -33. Calculate the highest common factor of k and h.
23
Suppose -274 = -4*g - 50. Let v(z) = 3 + 0 - 6*z + 2*z**2 + 4*z. Let p be v(2). Calculate the highest common factor of p and g.
7
Suppose -k - 60 = -4*k. Let w(s) = s**3 - 4*s**2 - 10. Let g be w(5). What is the highest common divisor of k and g?
5
Let w(k) = -k**2 + 12*k - 12. Let o = -12 + 14. Suppose 4*y + 44 = 4*n, 5*y = n - o*n - 1. Let c be w(n). What is the highest common factor of c and 75?
15
Let f(p) = 168*p**3 - p**2 + 3*p - 2. Let h be f(1). Let m = 330 - h. What is the greatest common divisor of m and 18?
18
Let m(u) = u**3 - 15*u**2 + 6*u - 58. Let h be m(15). What is the greatest common divisor of h and 224?
32
Let p be (-11)/66 + 5428/24. Let l = p - 213. Suppose -4*y = 4, 2*y + 482 + 40 = 4*n. What is the highest common factor of n and l?
13
Let j = 1414 - 1390. Suppose 0 = -3*w - 2*d + 24, -3*d + 1 + 8 = 0. Calculate the greatest common divisor of w and j.
6
Let u(k) = 2*k**2 - 2*k - 2. Let z be u(4). Let i be (-4)/26 + 636/78 + 168. Calculate the highest common divisor of i and z.
22
Let c(w) = w + 9. Let k be c(-10). Let s be (-1 - 20/k) + -3. Suppose 3*n = 5*n - s. Calculate the highest common factor of 16 and n.
8
Let o = 298 - 204. What is the highest common factor of 141 and o?
47
Suppose 0*f + f - 33 = 0. Calculate the greatest common factor of f and 33.
33
Let s = -19 + 23. Let a be 2/(-8) - 5/(-4). Let g = a + s. What is the greatest common factor of g and 45?
5
Let t = 40 + 221. Let c = -4 - -36. Suppose -5*k + c + 117 = z, -3*z = 2*k - 70. What is the highest common divisor of k and t?
29
Suppose -5*r = -6*r - 221. Let i = -125 - r. Let z(g) = -g**3 - 2*g**2 + 5*g. Let b be z(-4). Calculate the greatest common divisor of i and b.
12
Let c be (-15 + 660)/(3/8). Calculate the highest common factor of c and 40.
40
Let y(i) = i**3 - 3*i**2 + 4. Let w(t) = 2*t**3 - 4*t**2 + 3. Let r(v) = 4*w(v) - 6*y(v). Let g be r(5). Calculate the greatest common factor of 36 and g.
36
Suppose -19*f = -24*f + 195. Suppose 0 = -f*q + 34*q + 1235. What is the highest common factor of 13 and q?
13
Suppose -3*r - 56 = -3*o - 146, 0 = -5*r + 3*o + 156. Suppose -3*k + 49 = -t, t + r = 2*k - 0*k. Calculate the highest common divisor of k and 4.
4
Let h(l) = l**3 + 25*l**2 + 27*l + 91. Let k be h(-24). Calculate the greatest common divisor of k and 437.
19
Let l be (930/5)/((-8)/(-28)). Calculate the highest common factor of 21 and l.
21
Let y(g) = -16*g**3 - 2*g**2 - 3*g + 6. Let r be y(2). Let d be (1 - r/(-10))*(-90)/27. What is the greatest common factor of d and 105?
21
Suppose 4*m + x = -x + 212, -m + 58 = 3*x. Calculate the greatest common divisor of 78 and m.
26
Let o be (-4)/(-22) - (-1488)/44. Suppose z = 4*z - 12. Suppose 156 = z*v - u - 53, -5*u - 25 = 0. What is the high